uppose 0 = -3*o + 6078 - 6087. Let a(c) be the first derivative of 2 - 3/2*c**2 - 1/3*c**3 - 3*c. What is a(o)?
-3
Let m(d) be the first derivative of 0*d + 2*d**3 + 1/24*d**4 + 1/120*d**5 + 0*d**2 - 9. Let u(r) be the third derivative of m(r). Determine u(6).
7
Let u(m) = -4 + 0*m - 886*m**3 + 887*m**3 - m + 10*m**2. Let a = 33 + -43. Determine u(a).
6
Let u(a) = -15*a + 97. Let z(t) = -7*t + 55. Let p(i) = 3*u(i) - 5*z(i). Determine p(5).
-34
Let l(a) = -a**3 + 3*a**2 + 4*a - 2. Let r be (-2 + 1)*(2 + -3 + -3). Suppose -r*d - 8 = -y, 33 = -5*y - 2*d + 7. Let p be (2 - -8)*(66/15 + y). Determine l(p).
-2
Let j(m) = m**2 + 4*m - 291. Let k be j(15). Let v(z) = -z**3 - 5*z**2 + 9*z + 6. Calculate v(k).
-12
Let b(h) = -h**3 - 20*h**2 + 17*h - 92. Suppose 0 = 6*c - 5303 + 5429. Give b(c).
-8
Let m = 65 - 65. Let y(n) = m*n + 3*n - 2*n - 3*n. Let u be 215/(-45) + 2/(-9). Give y(u).
10
Let x(i) = i**3 + i**2 - i. Let b(a) = 18*a**3 + 15*a**2 - 15*a. Let h = 1 - 31. Let z(q) = h*x(q) + 2*b(q). Calculate z(-1).
-6
Let v(o) be the second derivative of -o**3/6 + 2*o**2 + 40442*o. Suppose -3*g + 0 = 12. What is v(g)?
8
Suppose 0 = m + 5*l + 148 - 219, -3*l + 38 = -4*m. Let s(h) be the third derivative of -h**6/15 + h**5/30 - h**4/24 - h**2. Determine s(m).
-7
Let j(r) = -461*r + 2*r**2 - 4 + 130*r + 129*r + 100*r. What is j(51)?
-4
Let a(t) = -t - 7. Let y(n) = -2*n - 6. Let l(j) = -3*a(j) + 4*y(j). Let r(c) = -6*c - 3. Let b(d) = -5*l(d) + 4*r(d). Give b(-5).
-2
Let z = 4 + -8. Let d(b) = 3*b**3 + 4*b**2 + 2. Suppose 63 = 19*k - 10*k. Let r(f) = -10*f**3 - 12*f**2 - 7. Let m(c) = k*d(c) + 2*r(c). Give m(z).
0
Let y(f) = 29*f**2 + 34*f - 4. Let z(a) = 34*a**2 + 39*a - 4. Let t(h) = 7*y(h) - 6*z(h). Give t(5).
-9
Let z(d) = -d**3 - 6*d**2 - 5*d - 2. Let n(b) = 10*b - 197. Let a be n(20). Suppose m = 4*u - 17, 8*u - 10 = -m + a*u. Give z(m).
-2
Let a(f) = -5*f**2 - 3*f - 12. Let z(l) = l**2 - 2*l + 1. Let v(m) = 5*m**2 + 15*m + 21. Let j(c) = -v(c) - 3*z(c). Let o(s) = -5*a(s) + 3*j(s). Give o(13).
1
Let b(t) = 27*t + 13. Let c(s) = 147*s + 64. Let u(w) = 11*b(w) - 2*c(w). Determine u(-2).
9
Let m(p) = 567 + 572 - p - 1145. What is m(5)?
-11
Let z(d) be the third derivative of 0*d + 0 + 1/6*d**3 - 5/24*d**4 + 42*d**2. Determine z(-1).
6
Let i(a) = 37 - 8 + 380*a + 51*a**2 - 356*a - 53*a**2. Calculate i(13).
3
Suppose -4 = b + 3*y, -5*y = b + 2 + 6. Let p(h) = -14*h - 3*h**2 + 19*h + 3 + 4*h**b. Let w be 6/21 + 37/(-7). Determine p(w).
3
Let k(r) be the third derivative of -r**6/120 - r**5/5 + 7*r**4/12 + 11*r**3/6 + 175*r**2. Let u(o) = -o**2 + 15*o - 27. Let a be u(14). What is k(a)?
-2
Let t(o) = 3*o - 2. Let x = -7 - -27. Suppose -k + 0 = -5*v - 6, 0 = 5*k + x. What is t(v)?
-8
Let i be (-1)/(-5)*(17 + -8 + 16). Let g(r) = -r**3 + 16*r + 6*r**2 - 7*r - 7*r + i*r + 0 - 4. What is g(7)?
-4
Let o(f) = 3*f + 109 + 88 + 93 - 7*f - 325. What is o(-5)?
-15
Let d = 26 + -21. Suppose -21 = d*h - 26. Let m be 6 + -2 + h*(-6)/(-3). Let v(q) = q**3 - 7*q**2 + 8*q - 9. Calculate v(m).
3
Let c(h) = -h**3 - 35*h**2 - 66*h + 3. Suppose -137*z - 2112 = -73*z. Give c(z).
3
Let m(a) = -a**3 - 7*a**2 - 6*a - 5. Suppose -3*u - 61 = -4*d - 43, 0 = -4*u + 4*d - 24. Calculate m(u).
-5
Let n(d) be the third derivative of -d**5/30 - d**4/6 + 7*d**3/6 - d**2 - 437. What is n(-3)?
1
Suppose 166 = 5*v - 234. Suppose v*w + 46 = 78*w. Let d(l) = -2*l - 51. What is d(w)?
-5
Suppose -3*s + 219 = 69. Suppose 54*m + 22 = s*m + 2*k, 2*k = -5*m - 23. Let f(j) = -2*j - 5. What is f(m)?
5
Let w(f) be the second derivative of 10*f**3/3 + 73*f**2 + 11382*f. What is w(-7)?
6
Let s(q) = 2*q + 6. Let f = 25 - 16. Suppose -4 = 4*n - 64. Let l = f - n. Determine s(l).
-6
Let y = -22 + 24. Let w(d) = -2*d + 3. Let v(p) = p - 2. Let i(q) = y*w(q) + 3*v(q). Calculate i(-5).
5
Let v(n) = -13*n**3 - 62*n**2 - 130*n - 102. Let l(y) = 5*y**3 + 21*y**2 + 44*y + 34. Let s(j) = 8*l(j) + 3*v(j). Give s(20).
6
Let p(a) = -7*a - 212. Let g(o) = 7*o + 181. Let n(l) = 7*g(l) + 6*p(l). What is n(5)?
30
Let o(d) = -d - 29. Let k be 12/(-7)*7/(-2). Suppose k*f + 9*f - 13*f = 0. Determine o(f).
-29
Let p(k) = 697*k + 3483. Let h be p(-5). Let f(t) = -t**3 - 5*t**2 - 9*t + 4. Determine f(h).
10
Let y(d) = 126 - 100 - 32 - 26 - 123 - 24*d. What is y(-6)?
-11
Let l(d) = -5 - 8*d - 27*d - 12*d + 40*d. Let p be (728/119)/(-1) - 4/(-34). Calculate l(p).
37
Let i be -6 + -1 - ((104/(-8) - -3) + 8). Let t(w) = w**3 + 4*w**2 + 6. Give t(i).
-19
Let w(b) = -27*b**2 + 166. Let r(x) = 15*x**2 - 82. Let l(p) = 11*r(p) + 6*w(p). Let i(a) be the first derivative of l(a). Determine i(6).
36
Let b(n) = 14*n + 249. Let d = 7235 + -7253. Give b(d).
-3
Let o(f) = -3 - f - 7*f**2 - 4 + 0*f**2 - f**3. Suppose 0*a - 608 = -16*a. Suppose -16*v - a = 74. Give o(v).
0
Let b(g) = 20*g + 7. Suppose 3*w = -3*f + 40 - 52, 4*f + 10 = -w. Calculate b(f).
-33
Suppose 3*m = -y - 48, 2*y + 72 + 20 = -5*m. Let r be (y/10)/(6/(-90)). Let t(l) = 0*l**3 - r - l**3 - l - l**2 + 46. Calculate t(0).
-8
Let j(w) be the first derivative of -w**4/4 - 3*w**3 - 3*w**2/2 + w + 47. Suppose 3*g = -4*q - 27, 6*g + 5*q = 9*g + 27. Give j(g).
28
Let b(s) = -11*s**2 + 5*s + 3. Let k(l) = 19*l**2 - 6*l - 4. Let w(m) = -3*b(m) - 2*k(m). Determine w(4).
-93
Suppose 3*h - 5*o + 13 + 81 = 0, 4*o = -h - 3. Let s = h - -14. Let k = 4 + s. Let r(c) = -2*c + 1. What is r(k)?
11
Let v(s) be the first derivative of -s**2 + 40*s - 42*s + 76 + 0*s**3 - 3*s**3 + 4*s**3. What is v(2)?
6
Let f be ((588 - 4) + 2)*(-2)/2. Let p = f + 590. Let q(g) = -2*g**2 + 10*g - 5. Determine q(p).
3
Let o be (0 - (-2)/4)*(-10016)/(-16). Let j = -308 + o. Let k(g) = -g. Determine k(j).
-5
Let v be (6 + 70/(-20))*-2. Let q(y) = -143*y + 8 - 6 + 10 + 148*y. Determine q(v).
-13
Let d be (-22)/10 - (-13 - 512/(-40)). Let o(g) be the third derivative of g**6/120 + g**5/60 + g**4/8 + g**3/2 + g**2. What is o(d)?
-7
Let j(s) be the second derivative of s**4/12 + 13*s**3/6 + 11*s**2/2 + 3616*s. Determine j(-11).
-11
Suppose 20 = 3*k + 8, 3*w - 4*k + 22 = 0. Let d(r) = 31*r + 63. Calculate d(w).
1
Let i(h) be the second derivative of 21*h - 2/3*h**3 + 0 + 1/20*h**5 + 1/3*h**4 - 3*h**2. Give i(-4).
10
Let y(d) = 4*d + 3. Suppose 97 = 17*b + 131. Let o be 6/(b*(-6)/16) + 1. What is y(o)?
39
Let b(f) be the third derivative of f**5/60 + f**4/2 - f**3/3 + 4*f**2. Let o be -7 + (-2 + 42)/(-10). Give b(o).
-13
Let w(m) be the first derivative of -m**3 + m**2/2 - 521. Give w(-2).
-14
Let k be (-15265)/3010 - 1*3/(-42). Let r(m) = 3*m**2 + 5*m - 19. Let z(s) = -s**2 - 2*s + 6. Let w(h) = 2*r(h) + 7*z(h). Give w(k).
-1
Let i = -18 + 15. Let t(r) = r**3 + 5*r**2 - 11. Let a be t(i). Let f(s) = -a - 35*s**2 + 18*s**2 + 6*s + 16*s**2. Give f(5).
-2
Let q(w) = -w + 4. Let m = -216 + 223. Let f(u) = 4*u - 28. Let j be f(m). Calculate q(j).
4
Let q(h) = 55*h + 31. Let x(l) = 83*l + 47. Let n(u) = 8*q(u) - 5*x(u). What is n(3)?
88
Let o(t) = 2*t + 5. Let y(h) = 2*h**2 + 3*h. Let z be y(-2). Suppose -x + 4*m = x - 2, -z*x = m + 18. Determine o(x).
-9
Let p = -1 - 2. Let k(t) be the second derivative of 0 + 1/3*t**3 + 1/2*t**2 - 148*t. What is k(p)?
-5
Let g be (-1792)/512*-2*1. Let s(y) = -7*y + 56. Give s(g).
7
Let a(q) be the second derivative of -5*q**3/3 - 29*q**2/2 - 3372*q. What is a(-5)?
21
Let s(u) = -2*u**3 + 3*u**2 + 2*u + 2. Let h(l) = -l**3 + 4*l**2 + 1. Let q(p) = -3*h(p) + 2*s(p). Let m(c) = -c**2 + 2*c - 6. Let g be m(2). What is q(g)?
-23
Let o(v) be the third derivative of -v**5/60 + v**4/2 + 5*v**3/2 + 524*v**2 + 2*v. Give o(16).
-49
Let l(y) = -16*y + 56. Let d be 0 - -2 - ((1 + 6)*-1 - -5). Give l(d).
-8
Let z(m) = -m**3 + 10*m**2 + 23*m + 12. Suppose 814 = 61*x + 82. Give z(x).
0
Let g(j) be the third derivative of j**4/12 - j**3/6 + j**2. Suppose 7*c - 6*c = 3*w + 12, 3*c + 5*w - 106 = 0. Suppose 0 = -4*v + 7 - c. What is g(v)?
-11
Let t(c) = 2*c + 2. Let o(g) = -4*g - 4. Let s(f) = 4*o(f) + 9*t(f). Let d(u) = -6*u - 30. Suppose 0 = m - 1, -3*a - 5*m - 7 = 6. Let y be d(a). What is s(y)?
14
Let b(h) = -2*h**2 - 9*h - 27. Let y(w) = -3*w**2 - 10*w - 26. Let j(k) = -4*b(k) + 3*y(k). What is j(9)?
3
Let w be (-144)/(-76) - ((-12)/38)/3. Let n(t) = 75133*t**w + 5*t - t**3 - 2 - 75133*t**2. What is n(3)?